- 5*u + 3. What is j(-4)?
39
Let b(u) = u**2 - 3*u - 8. What is b(4)?
-4
Let r(b) = -4*b**2 + 35*b - 19. Give r(8).
5
Let d(p) = -4*p + 101. What is d(19)?
25
Let f(y) = 2*y - 12. What is f(14)?
16
Let n(w) = 5*w + 48. Determine n(-7).
13
Let w(z) = -z**3 + 6*z**2 - 4*z + 5. Calculate w(5).
10
Let g(m) = -m**2 - 3*m + 4. Calculate g(-4).
0
Let x(t) = -t**2 + 14*t + 19. Give x(15).
4
Let b(y) = -5*y**3 + 2*y**2 + 4*y + 2. Determine b(-2).
42
Let p(k) = k**2 - 23*k - 23. Give p(24).
1
Let n(g) = 10*g**2 + 102*g + 21. Determine n(-10).
1
Let s(c) = -4*c - 2. Give s(-2).
6
Let w(t) = -t + 12. What is w(4)?
8
Let g(d) = -d**2 - 2*d - 1. What is g(-4)?
-9
Let n(w) = -2*w + 32. What is n(20)?
-8
Let g(c) = 3*c**2 - 22*c - 10. Determine g(8).
6
Let s(u) = u**3 + 10*u**2 - 16*u - 8. Give s(-11).
47
Let j(v) = 2*v + 5. Calculate j(-6).
-7
Let g(x) = -x**3 - 5*x**2 + 5*x - 6. Give g(-5).
-31
Let d(u) = 7*u - 3. Give d(2).
11
Let n(t) = -5*t + 3. Determine n(-6).
33
Let p(r) = 2*r**2 - 19*r + 49. Calculate p(4).
5
Let u(v) = 2*v**2 - 32*v + 2. What is u(16)?
2
Let t(l) = l**3 - 10*l**2 + 2*l - 24. Calculate t(10).
-4
Let z(s) = -3*s**2 + 54*s + 7. Calculate z(18).
7
Let q(s) = s**2 + 10*s - 7. Give q(-8).
-23
Let l(h) = -h**2 - 4*h + 28. Calculate l(-9).
-17
Let m(j) = 2*j + 4. What is m(5)?
14
Let i(v) = 2*v**3 - 6*v**2 - 13*v - 1. Give i(4).
-21
Let f(x) = -2*x**2 + 2*x - 2. Determine f(-5).
-62
Let i(l) = 16*l - 85. Determine i(5).
-5
Let f(a) = a**2 - 11*a - 13. Give f(12).
-1
Let t(x) = x**3 - 24*x**2 + 46*x - 45. Give t(22).
-1
Let o(m) = m**3 - 17*m**2 + 40*m + 12. Calculate o(14).
-16
Let b(j) = j - 29. Give b(8).
-21
Let d(i) = 2*i + 17. Calculate d(-5).
7
Let c(t) = -31*t**3 + 3*t**2 - 3*t + 1. Determine c(1).
-30
Let g(v) = -v**3 - 16*v**2 + 16*v - 12. Give g(-17).
5
Let b(u) = u**3 - 11*u**2 + 27*u + 9. What is b(7)?
2
Let q(w) = 30*w + 5. Determine q(0).
5
Let u(s) = -2*s**2 - s + 1. What is u(-1)?
0
Let s(x) = -x**2 + 19*x - 45. Give s(19).
-45
Let h(r) = 2*r**2 + 2*r - 128. Give h(0).
-128
Let s(l) = 7*l + 12. Calculate s(-9).
-51
Let j(z) = 3*z - 23. Give j(6).
-5
Let d(i) = -3*i**2 + 26*i + 51. Determine d(-2).
-13
Let k(q) = 2*q**3 - 28*q**2 + 50*q - 16. Determine k(12).
8
Let m(z) = -z**2 + 29*z - 72. What is m(26)?
6
Let t(g) = -g**3 - 8*g**2 + 4*g + 5. Give t(-6).
-91
Let p(m) = m**3 - 7*m**2 - 9*m + 12. What is p(8)?
4
Let j(l) = 8*l**3 - l**2 + 2*l + 3. Determine j(2).
67
Let a(q) = 12*q**2 - 2*q - 2. Calculate a(-1).
12
Let u(o) = 3*o - 35. Calculate u(17).
16
Let p(q) = -3*q + 61. Give p(18).
7
Let s(v) = -7*v**3 - 5*v**2 + v - 6. Determine s(2).
-80
Let d(k) = k**3 - 6*k**2 + 2*k + 1. What is d(3)?
-20
Let u(w) = -w**3 - 10*w**2 - 14*w + 1. Determine u(-7).
-48
Let d(p) = -7*p + 340. Give d(48).
4
Let a(s) = s**3 - 21*s**2 - 21*s - 13. What is a(22)?
9
Let y(l) = -4*l**2 - 9*l - 8. What is y(-2)?
-6
Let h(t) = t**3 - 7*t**2 - 8*t + 13. What is h(7)?
-43
Let r(z) = z**3 - 17*z**2 + 32*z + 7. Determine r(14).
-133
Let t(v) = -9*v**3 + 3*v**2 + 3*v + 3. Give t(-2).
81
Let b(u) = -u**2 - 4*u + 11. Give b(-8).
-21
Let y(g) = 10*g + 3. Determine y(-5).
-47
Let q(j) = 7*j - 59. Calculate q(9).
4
Let t(r) = r**3 - 6*r**2 - 6*r - 8. Determine t(7).
-1
Let x(b) = -b**3 + 4*b**2 + 9*b - 10. What is x(6)?
-28
Let o(g) = 21*g**2 + 3*g - 2. What is o(1)?
22
Let p(n) = -3*n**3 - 42*n**2 + 2*n + 22. What is p(-14)?
-6
Let v(p) = 2*p**2 + 7*p. Determine v(-4).
4
Let y(x) = 73*x - 437. Determine y(6).
1
Let t(l) = 2*l - 6. Calculate t(11).
16
Let u(t) = -t**2 + 33*t - 38. What is u(31)?
24
Let q(s) = -4*s**2 + 5*s - 9. What is q(3)?
-30
Let c(q) = q**2 - 5*q - 53. Give c(10).
-3
Let k(o) = -o**2 + 21*o + 21. Calculate k(22).
-1
Let f(a) = -a**3 + 30*a**2 + 64*a - 12. Give f(32).
-12
Let n(h) = -19*h + 49. Determine n(2).
11
Let q(x) = -x**3 - x**2 - 16. Determine q(0).
-16
Let u(b) = b**3 - b**2 - 13*b - 15. What is u(-5)?
-100
Let d(q) = -q**3 + 3*q**2 + 4*q - 1. Calculate d(3).
11
Let y(j) = j - 29. Calculate y(27).
-2
Let f(t) = -t**2 + 9*t + 13. What is f(11)?
-9
Let c(j) = j**3 - 3*j**2 - 2*j + 7. Determine c(4).
15
Let u(y) = -y**2 + 2*y + 4. Determine u(-3).
-11
Let b(p) = 42*p + 4. What is b(-2)?
-80
Let f(d) = -d**2 - 57*d - 626. Determine f(-42).
4
Let w(y) = -y**3 + 6*y**2 + 8*y - 19. Calculate w(6).
29
Let w(r) = -60*r - 60. What is w(-1)?
0
Let d(u) = 2*u**2 - 23*u + 18. Give d(11).
7
Let q(l) = l**3 + 16*l**2 + l - 16. Determine q(-16).
-32
Let o(z) = -9*z + 12. Give o(-2).
30
Let b(a) = a**3 + 11*a**2 - 14*a + 26. What is b(-12)?
50
Let f(j) = -j**3 + 7*j**2 - 15*j + 29. Give f(5).
4
Let b(j) = 3*j**3 - j**2 - 3*j - 1. Give b(-3).
-82
Let d(s) = -5*s - 73. Determine d(-7).
-38
Let w(c) = c**3 - 4*c**2 - 2*c - 1. Determine w(3).
-16
Let j(x) = -x**2 - 43*x + 136. What is j(-46)?
-2
Let d(t) = -7*t + 4. What is d(-4)?
32
Let t(m) = 7*m - 35. What is t(6)?
7
Let c(i) = i**3 - 10*i**2 - i + 9. Calculate c(10).
-1
Let o(g) = -6*g**3 - 2*g**2 + 2*g - 1. What is o(1)?
-7
Let o(t) = -t + 29. Determine o(24).
5
Let b(m) = -3*m + 29. Calculate b(8).
5
Let i(m) = m**3 - 40*m**2 + 177*m - 64. What is i(35)?
6
Let h(l) = l**3 + 20*l**2 + 92*l - 19. Determine h(-8).
13
Let f(v) = 5*v - 25. Determine f(5).
0
Let y(i) = i + 2. Determine y(-4).
-2
Let m(y) = 3*y**2 + 2*y + 3. Give m(-1).
4
Let q(y) = -y + 19. Give q(0).
19
Let f(d) = -2*d. Give f(2).
-4
Let z(j) = 33*j - 24. Determine z(1).
9
Let l(h) = -h - 7. What is l(-10)?
3
Let u(l) = -l**3 + 11*l**2 + 13*l - 12. What is u(12)?
0
Let n(b) = -b**2 + 9*b + 5. Give n(7).
19
Let z(u) = -3*u**3 - 3*u**2 + 5. Give z(-3).
59
Let r(p) = p**3 - 8*p**2 + 9*p - 9. Give r(7).
5
Let n(u) = -2*u**3 - 3*u**2 - u + 2. Give n(3).
-82
Let w(o) = 5*o - 42. Determine w(7).
-7
Let w(h) = 11*h + 67. What is w(-5)?
12
Let h(i) = -i**2 - i. Calculate h(-6).
-30
Let r(j) = j**3 - 19*j**2 + 61*j - 13. What is r(15)?
2
Let j(k) = -k - 17. Give j(0).
-17
Let d(g) = g**3 + 8*g**2 + 12*g - 2. Give d(-4).
14
Let d(n) = -2*n + 20. What is d(-10)?
40
Let x(h) = 2*h**2 - 8*h - 6. Determine x(2).
-14
Let s(z) = z**3 - 5*z**2 - 26*z - 3. Determine s(8).
-19
Let h(s) = -s**3 - 6*s**2 + 2*s + 12. Calculate h(-6).
0
Let f(n) = n**2 - 6*n - 14. Calculate f(7).
-7
Let t(g) = g**2 + 17*g + 3. Give t(-17).
3
Let n(z) = z**2 + 22*z - 39. Calculate n(-23).
-16
Let q(g) = g**3 + 11*g**2 + 23*g - 4. What is q(-8)?
4
Let v(a) = -9*a**3 + a**2 - a. What is v(1)?
-9
Let z(h) = 3*h**3 + 3*h**2 - 4*h - 2. What is z(-2)?
-6
Let z(w) = w**2 - 30*w + 31. Give z(25).
-94
Let b(z) = z**3 - 10*z**2 - 14*z - 9. What is b(11)?
-42
Let h(k) = -k**3 + 3*k**2 - k. Give h(1).
1
Let c(p) = p**2 - 5*p + 18. Give c(6).
24
Let v(r) = r**3 + 13*r**2 + 41*r + 21. Determine v(-7).
28
Let d(m) = m**2 + 2*m + 1. What is d(3)?
16
Let h(w) = w**3 + w**2 - 31. Determine h(0).
-31
Let u(d) = 10*d - 47. Calculate u(5).
3
Let s(k) = 10*k + 52. Calculate s(-6).
-8
Let d(h) = -2*h**2 + 3*h - 34. Give d(4).
-54
Let x(a) = 2*a**2 - 17*a - 14. Give x(9).
-5
Let f(k) = k**3 + 8*k**2 + 10*k - 2. Determine f(-5).
23
Let g(h) = 2*h + 33. Determine g(-20).
-7
Let d(o) = -o**2 + 4*o - 2. Calculate d(3).
1
Let d(j) = j**2 - 17*j - 22. Calculate d(18).
-4
Let t(f) = f**2 + 10*f + 11. Calculate t(-9).
2
Let c(k) = -k - 12. What is c(-28)?
16
Let d(w) = -7*w + 8. Calculate d(0).
8
Let o(w) = w**2 + 13*w - 7. Calculate o(-13).
-7
Let h(z) = -z**3 - z**2 - 9. Calculate h(0).
-9
Let n(d) = -d**3 - 7*d**2 - 5*d + 1. What is n(-3)?
-20
Let d(a) = 3*a - 12. Determine d(11).
21
Let t(p) = -p**3 - 6*p**2 + 9*p. What is t(-7)?
-14
Let p(b) = b**2 + 9*b + 12. Give p(-6).
-6
Let v(f) = -3*f**2 + 27*f + 16. Give v(10).
-14
Let u(g) = g**3 + g**2 - g + 25. Calculate u(0).
25
Let d(v) = -2*v - 17. Calculate d(-5).
-7
Let i(o) = 5*o - 65. Calculate i(12).
-5
Let t(g) = 4*g + 26. Give t(-3).
14
Let m(b) = -b**2 + 5*b - 8. Calculate m(4).
-4
Let y(s) = -6*s - 6. Calculate y(-4).
18
Let w(o) = 4*o - 94. Calculate w(25).
6
Let l(x) = x**2 + 15*x + 40. What is l(-4)?
-4
Let f(u) = -4*u + 3. Calculate f(1).
-1
Let t(v) = v**2 + 3*v + 2. Determine t(-2).
0
Let d(o) = 31*o**3 - o**2 + 2*o. Calculate d(1).
32
Let q(o) = 2*o**2 + 56*o + 59. What is q(-27)?
5
Let a(d) = -d**2 + 10*d + 10. What is a(10)?
10
